14) a composite number?
False
Let b = -3247 + 5006. Is b a composite number?
False
Let c(b) be the third derivative of b**4/24 + b**3/6 - 6*b**2. Let u be c(4). Suppose -2*s + u*s = 663. Is s a prime number?
False
Let a = 93161 - 47862. Is a a prime number?
False
Suppose t = c - 17, -2*t + c + 3*c = 44. Is 4/(-6)*27630/t prime?
False
Let l be 1/1 + (-1 - 0). Suppose l = 5*c - c - 12. Suppose -137 = -c*j + 22. Is j a prime number?
True
Is (-6326)/(-16) - (-12)/(-32) composite?
True
Let v = 341 + -16. Let d = -212 + v. Is d a prime number?
True
Is 5*3079*(5 + -4) composite?
True
Let l = -33 + 27. Is (l/(-18))/(2/276) composite?
True
Suppose -5*d - 12103 = -4*c, -4*c = -2*d - 2*d - 12100. Let a = c - -172. Is a a prime number?
False
Let l(u) = 4*u. Let r be l(-2). Is 1258/6 - r/6 composite?
False
Let o(s) = 267*s**2 - 6*s - 8. Is o(-3) a composite number?
True
Let c = -7878 + 12491. Is c prime?
False
Let i(g) be the first derivative of 17*g**3 + g**2 + g + 11. Is i(2) a prime number?
False
Is ((-117255)/45)/(-1*(-2)/(-6)) a composite number?
False
Suppose -i = -s - 6, 0 = -4*i + i - 4*s + 25. Let u(k) = -k + 9. Let d be u(i). Is 0 - -4 - (-774)/d composite?
True
Let i(q) = 17*q**2 + 2*q - 6. Suppose -6*g + 4*g = 50. Let f = g + 29. Is i(f) a prime number?
False
Let q(y) = 355*y**2 - 13*y - 1. Is q(4) a composite number?
True
Let g = 25157 - 14154. Is g prime?
True
Let p(d) = 1921*d - 234. Is p(5) composite?
False
Suppose -38*s + 26277 = -19*s. Is s prime?
False
Let l = -37 + 36. Is -95*(3 - (-4)/l) a composite number?
True
Let h be 1*(6 - (2 - -1)). Suppose 0 = -h*a + 3*c + 30, -a + 3*c + 2 = -16. Suppose 0 = r - a - 31. Is r prime?
True
Let q(y) = 2*y - 7. Let p be q(6). Suppose -2*z + 0*m = -2*m - 18, p*z - 27 = -m. Let g(u) = 2*u + 7. Is g(z) prime?
True
Let b(m) = -m**3 + 12*m**2 + 15*m - 19. Let l(d) = 6*d + 52. Let w be l(-7). Is b(w) composite?
False
Let t be (-32)/(-12)*(1 - (-1)/2). Suppose 4535 = y + t*y. Is y prime?
True
Let y be (-136)/3*1*(-12)/8. Let m = y - -26. Is m a composite number?
True
Let g(r) be the third derivative of r**5/15 - r**4/3 - 19*r**3/6 + 7*r**2. Let p(o) = o**2 + o. Let h(v) = g(v) - 3*p(v). Is h(-13) prime?
True
Let t(w) be the third derivative of 1/12*w**5 + 0 + 1/3*w**3 - 9*w**2 - 1/120*w**6 + 1/3*w**4 + 0*w. Is t(6) prime?
False
Is 175272/60 - (4 + -2)/10 prime?
False
Let m = 2499 - 1431. Suppose -r + m = 2*r. Let f = r - -143. Is f composite?
False
Let k(w) = -w**3 + 15*w**2 + 21*w - 9. Is k(14) a prime number?
False
Let t(x) = 2*x**2 - 7*x + 5. Let o be (5 - 4)/((-3)/12*1). Is t(o) prime?
False
Let v = 15 - 13. Let t be 6*(12/(-8) + v). Suppose -t*u + 6773 = 2342. Is u composite?
True
Suppose 2*m - 1890 = -q + 9276, -4*q = -m + 5565. Is m a prime number?
True
Let g be (-53)/(-7) + 24/56. Let f(b) = 2*b**3 - 7*b**2 - b + 5. Is f(g) a composite number?
True
Let o = -629 + 918. Let r = o + -183. Is r composite?
True
Is 48/8 - (-23)/2*202 prime?
False
Let b = 302 - 111. Is b a composite number?
False
Suppose 0 = 3*t + t + 4816. Let s = -525 - t. Is s prime?
False
Suppose 3522 = -4*q - 1494. Let b = q + 2761. Is b composite?
True
Suppose 0 = -10*p + 64 - 334. Let a = 4 + 0. Let o = a - p. Is o a prime number?
True
Suppose 3*q - 3682 = -11*q. Let f = -6 - -10. Suppose -f*g + q = -3*g. Is g composite?
False
Let j(a) be the second derivative of a**5/20 - 7*a**4/12 + a**3/3 + 11*a**2/2 + 2*a + 35. Suppose 2*y - 4*y = -22. Is j(y) prime?
False
Suppose 4*s + 0*g - 4*g - 56 = 0, 12 = 3*s + 3*g. Let o(u) = 11*u**2 + 0 - 20*u + s*u + 6*u - 3. Is o(-3) composite?
True
Let d(a) = -23*a**2 + 2*a - 4. Let l be d(-3). Let j = l - -888. Is j composite?
True
Let g(k) = 1026*k**2 + 2*k - 1. Is g(-2) composite?
False
Let p = -21866 + 39523. Is p composite?
False
Suppose 0*t - 2*t + 6 = 0, -5*q + 34553 = t. Suppose -15*h = -5*h - q. Is h prime?
True
Let d be (0 - -2)*35/14. Suppose -s + 0*f - 5 = -2*f, d = 5*f. Is (-402)/(-27)*s*-3 composite?
True
Let z = 25 - 22. Suppose 0 = -i + 4*i. Suppose z*p - 3*m - 1104 = i, -1451 = -4*p - 0*m - 3*m. Is p a prime number?
False
Let m = 17278 + -10695. Is m a composite number?
True
Let p(o) = 2073*o**2 - 3*o + 2. Let z be p(1). Suppose 3*t - z = 4*h - 5*h, 0 = -t - 2*h + 689. Is t a composite number?
False
Suppose 6*x + 4263 = 59925. Is x a composite number?
False
Let z = 30087 + -14666. Is z composite?
True
Let z(o) = -33586*o - 69. Is z(-2) composite?
False
Suppose -48 = 38*f - 39*f. Let p = -18 - -37. Let o = p + f. Is o prime?
True
Let p(g) = -38*g - 16. Let d be p(15). Let x = 1275 + d. Is x prime?
False
Let q(g) = 8*g + 2*g**2 + 5 + 13 + 4*g - g**2. Suppose -3*k = -7*k - 64. Is q(k) a composite number?
True
Suppose 0 = -3*b + l + 75549, -5*b - 2*l - 12097 = -138012. Is b prime?
True
Let n = 4049 + 1730. Is n a composite number?
False
Suppose 27*d - 30*d + 10158 = 0. Is d a prime number?
False
Suppose -4*l = 5*b + 60 - 193, -5*l + 162 = 2*b. Let y = 54 - l. Is y prime?
False
Suppose -29*j - 29031 = -32*j. Is j a composite number?
False
Suppose -3*c + 28 = -4*d, 0 = -5*d - 29 + 9. Suppose 2*t - 791 - 2640 = -3*h, c*h = -4*t + 4568. Is h a prime number?
False
Let s = 26551 + -14012. Is s composite?
False
Suppose 3*m - 4946 - 25 = 0. Is m a composite number?
False
Suppose -167 - 1717 = -4*i. Let k = -164 + i. Is k a prime number?
True
Let d be 4/10 + 94/(-10). Suppose 1267 = 5*a + j, 5*j = 2*a - 481 - 42. Is (a/(-8))/(d/36) prime?
True
Let h = 3118 + 461. Is h a composite number?
True
Suppose -5*w = -13882 + 1427. Suppose 5*a + 0*x + 2*x - w = 0, -4*x = -5*a + 2503. Is a composite?
False
Suppose 22*r + 41388 = 34*r. Is r prime?
True
Let s = -6 - -3. Is (-1 - s) + (-1 - -1726) composite?
True
Let w = 5213 + -2742. Is w composite?
True
Let r be 56/20 + 2/10. Suppose 0 = 5*d - x - 260, r*d - d + 2*x - 92 = 0. Is d a prime number?
False
Suppose 3*i + 3 = -5*v - 0, v - 3*i = 3. Let y(o) = -110*o + 3. Let c be y(-1). Suppose -2*m + v*m + 505 = 5*f, 0 = -f + 2*m + c. Is f prime?
True
Suppose -3*g + 4*n + 1401 = 433, 2*g - n = 647. Let j = g + -54. Suppose 5*s = 155 + j. Is s composite?
True
Let z = -2962 + 61151. Is z prime?
True
Let f(h) be the third derivative of 2*h**2 + 0*h + 0 + 3/20*h**5 + 5/24*h**4 + 4/3*h**3 - 1/120*h**6. Is f(7) prime?
False
Let u(p) = -p**2 - 19*p + 5. Let h be u(-19). Suppose 0 = 4*l - h*l + 6671. Is l a prime number?
False
Let x(b) be the third derivative of -2*b**4 - b**3/6 + 5*b**2. Is x(-2) prime?
False
Let i = 101789 + -31696. Is i a composite number?
True
Suppose -4 = r, -i + 2265 = -6*r + 2*r. Is i a prime number?
False
Suppose 5*c - 7*c - 2*r + 18766 = 0, 4*c - 37532 = r. Is c a composite number?
True
Let i(r) = 44664*r**3 - 4*r**2 + 3. Is i(1) composite?
True
Let r = 19 + -13. Let z(l) = l**2 - 10*l - 8. Let x be z(r). Is (-8)/x + (-294)/(-8) a prime number?
True
Suppose 5*k - 22 = -4*a, 3*k - 2*k - 14 = -4*a. Suppose 2*n + 20 = 5*s - 171, n - 71 = -k*s. Is s a composite number?
False
Let r = 4 - -1. Let a = 0 - -3. Suppose 23 = y + r*g, 6*g + a = y + g. Is y a composite number?
False
Let m(t) be the first derivative of t**7/840 + 7*t**6/360 - t**5/120 + t**4/8 - t**3 - 7. Let q(p) be the third derivative of m(p). Is q(-7) a prime number?
False
Suppose -5*j - 24 = -m, -5*m - 2*j = -2*m - 4. Suppose -2*v - v + 565 = m*q, -931 = -5*v - 4*q. Is v a prime number?
False
Suppose -18 = -w + 5*u, w + 3*w = 3*u + 55. Suppose -3 = 5*f - w. Let z(l) = 5*l. Is z(f) a prime number?
False
Suppose -4*l + 41 = 3*a - 0*a, -3*l + 21 = -a. Let p be 12298/l - 48/(-64). Let u = -751 + p. Is u a prime number?
True
Let p = -1983 + 3276. Is p a composite number?
True
Let o(j) = 3*j**3 - 524 + 0*j**3 + 522 + 2*j**2. Is o(3) a composite number?
False
Let n = 4426 - 1815. Is n prime?
False
Let l(r) = 107*r + 29. Let p(s) = 27*s + 7. Let a(u) = 2*l(u) - 9*p(u). Suppose 2*x = -i - 7, -x - 8 = 2*x + 4*i. Is a(x) a composite number?
True
Let r(b) = -51*b**3 - b**2 + 3*b - 1. Is r(-2) prime?
True
Let l = -12 - -13. Suppose -s = 2*k + 3, s - k + l = -2. Is (-178)/(-3) - s/(-9) a prime number?
True
Let u(f) = -6*f**3 - 11*f - 26. Is u(-5) a prime number?
False
Let f be -2*(-3 - 1891 - -3 - 2). Suppose -5*r = 2*a - 4933, a + 1330 = r + f. Is a a composite number?
False
Let n be -6 - 0/((-1